{"id":118,"date":"2022-09-24T18:17:41","date_gmt":"2022-09-24T16:17:41","guid":{"rendered":"http:\/\/oywfhsl.cluster030.hosting.ovh.net\/?page_id=118"},"modified":"2026-03-27T15:06:48","modified_gmt":"2026-03-27T14:06:48","slug":"accueil","status":"publish","type":"page","link":"https:\/\/www.montessorennes.fr\/","title":{"rendered":"Accueil"},"content":{"rendered":"\n<div class=\"wp-block-columns is-layout-flex wp-container-core-columns-is-layout-9d6595d7 wp-block-columns-is-layout-flex\">\n<div class=\"wp-block-column is-layout-flow wp-block-column-is-layout-flow\">\n<h2 class=\"wp-block-heading\">Facebook Montesso&rsquo;Rennes<\/h2>\n\n\n\n<h2 class=\"wp-block-heading\">Notre actualit\u00e9<\/h2>\n\n\n\n<iframe loading=\"lazy\" allow=\"encrypted-media\" allowfullscreen=\"true\" allowtransparency=\"true\" name=\"f43488ada7c98e\" scrolling=\"no\" src=\"https:\/\/www.facebook.com\/v2.6\/plugins\/page.php?adapt_container_width=true&amp;app_id=&amp;channel=https%3A%2F%2Fstaticxx.facebook.com%2Fconnect%2Fxd_arbiter.php%3Fversion%3D44%23cb%3Df389e30c549d83%26domain%3Dwww.montessorennes.fr%26origin%3Dhttp%253A%252F%252Fwww.montessorennes.fr%252Ff24fa66ab028fc4%26relation%3Dparent.parent&amp;container_width=230&amp;height=70&amp;hide_cover=false&amp;href=https%3A%2F%2Fwww.facebook.com%2FecoleMontessoRennes&amp;locale=fr_FR&amp;sdk=joey&amp;show_facepile=false&amp;small_header=false&amp;tabs=timeline&amp;width=230\" style=\"border: medium none; visibility: visible; width: 230px; height: 130px;\" title=\"fb:page Facebook Social Plugin\" width=\"230px\" height=\"70px\" frameborder=\"0\"><\/iframe>\n\n\n\n<div class=\"wp-block-columns alignwide are-vertically-aligned-center is-layout-flex wp-container-core-columns-is-layout-9d6595d7 wp-block-columns-is-layout-flex\">\n<div class=\"wp-block-column is-vertically-aligned-center is-layout-flow wp-block-column-is-layout-flow\" style=\"flex-basis:100%\">\n<div class=\"wp-block-group\"><div class=\"wp-block-group__inner-container is-layout-constrained wp-block-group-is-layout-constrained\">\n<figure class=\"wp-block-image size-large\"><img loading=\"lazy\" decoding=\"async\" width=\"819\" height=\"1024\" src=\"https:\/\/www.montessorennes.fr\/wp-content\/uploads\/2026\/03\/MontessoRennes-Flyer-Portes-Ouvertes-819x1024.jpg\" alt=\"\" class=\"wp-image-451\" srcset=\"https:\/\/www.montessorennes.fr\/wp-content\/uploads\/2026\/03\/MontessoRennes-Flyer-Portes-Ouvertes-819x1024.jpg 819w, https:\/\/www.montessorennes.fr\/wp-content\/uploads\/2026\/03\/MontessoRennes-Flyer-Portes-Ouvertes-240x300.jpg 240w, https:\/\/www.montessorennes.fr\/wp-content\/uploads\/2026\/03\/MontessoRennes-Flyer-Portes-Ouvertes-768x960.jpg 768w, https:\/\/www.montessorennes.fr\/wp-content\/uploads\/2026\/03\/MontessoRennes-Flyer-Portes-Ouvertes-48x60.jpg 48w, https:\/\/www.montessorennes.fr\/wp-content\/uploads\/2026\/03\/MontessoRennes-Flyer-Portes-Ouvertes.jpg 1080w\" sizes=\"auto, (max-width: 819px) 100vw, 819px\" \/><\/figure>\n<\/div><\/div>\n<\/div>\n<\/div>\n<\/div>\n\n\n\n<div class=\"wp-block-column is-layout-flow wp-block-column-is-layout-flow\">\n<h2 class=\"wp-block-heading\">A propos de l&rsquo;\u00e9cole<\/h2>\n\n\n\n<p>Notre \u00e9cole est ouverte \u00e0 toutes les cultures, sensibilit\u00e9s et convictions, dans le respect des valeurs la\u00efques de la R\u00e9publique. Nous cultivons un esprit d\u2019accueil, d\u2019\u00e9coute et de respect pour chaque famille.<\/p>\n\n\n\n<p>Nous accueillons \u00e9galement des enfants \u00e0 besoins particuliers, lorsque l\u2019\u00e9quilibre du groupe le permet, avec l\u2019attention et la bienveillance qui font partie de notre engagement quotidien.<\/p>\n\n\n\n<p>Nous nous inscrivons dans la p\u00e9dagogie Montessori, n\u00e9e en Italie au d\u00e9but du XX\u1d49 si\u00e8cle gr\u00e2ce \u00e0 Maria Montessori. Cette approche place l\u2019enfant au c\u0153ur de ses apprentissages, dans un environnement pens\u00e9 pour nourrir sa curiosit\u00e9 naturelle, sa confiance et son autonomie.<br>L\u2019\u00e9cole respecte la Charte des \u00c9tablissements Montessori de France (AMF), garante d\u2019une pratique fid\u00e8le aux principes de l\u2019Association Montessori Internationale (AMI).<\/p>\n\n\n\n<p>L\u2019\u00e9quipe p\u00e9dagogique est form\u00e9e AMI et riche d\u2019une solide exp\u00e9rience de terrain. Elle accompagne chaque enfant avec exigence, douceur et regard individualis\u00e9.<\/p>\n\n\n\n<p>L\u2019enseignement propos\u00e9 respecte le droit fondamental de chaque enfant \u00e0 l\u2019instruction et l\u2019accompagne vers les comp\u00e9tences attendues \u00e0 l\u2019issue de la scolarit\u00e9 obligatoire.<\/p>\n\n\n\n<p>L\u2019\u00e9cole est organis\u00e9e en un environnement 3\u20136 ans, pens\u00e9 \u00e0 hauteur d\u2019enfant.<\/p>\n\n\n\n<p>Le mat\u00e9riel Montessori, pr\u00e9sent\u00e9 avec soin et selon une progression pr\u00e9cise, est librement accessible. Les enfants choisissent leurs activit\u00e9s, avancent \u00e0 leur rythme, d\u00e9veloppent concentration, confiance et joie d\u2019apprendre.<\/p>\n\n\n\n<p>Les diff\u00e9rents espaces \u2014 vie pratique, langage, math\u00e9matiques, d\u00e9couverte du monde \u2014 structurent les explorations et soutiennent les apprentissages en profondeur, dans un climat calme et stimulant.<\/p>\n\n\n\n<p>Nous accordons \u00e9galement une place importante au travail en ext\u00e9rieur : le contact avec la nature, l\u2019observation du vivant et le mouvement font pleinement partie de l\u2019exp\u00e9rience d\u2019apprentissage.<\/p>\n<\/div>\n<\/div>\n","protected":false},"excerpt":{"rendered":"<p>Facebook Montesso&rsquo;Rennes Notre actualit\u00e9 A propos de l&rsquo;\u00e9cole Notre \u00e9cole est ouverte \u00e0 toutes les cultures, sensibilit\u00e9s et convictions, dans le respect des valeurs la\u00efques &hellip; <\/p>\n","protected":false},"author":1,"featured_media":0,"parent":0,"menu_order":0,"comment_status":"closed","ping_status":"closed","template":"","meta":{"footnotes":""},"class_list":["post-118","page","type-page","status-publish","hentry","latest_post"],"_links":{"self":[{"href":"https:\/\/www.montessorennes.fr\/index.php\/wp-json\/wp\/v2\/pages\/118","targetHints":{"allow":["GET"]}}],"collection":[{"href":"https:\/\/www.montessorennes.fr\/index.php\/wp-json\/wp\/v2\/pages"}],"about":[{"href":"https:\/\/www.montessorennes.fr\/index.php\/wp-json\/wp\/v2\/types\/page"}],"author":[{"embeddable":true,"href":"https:\/\/www.montessorennes.fr\/index.php\/wp-json\/wp\/v2\/users\/1"}],"replies":[{"embeddable":true,"href":"https:\/\/www.montessorennes.fr\/index.php\/wp-json\/wp\/v2\/comments?post=118"}],"version-history":[{"count":25,"href":"https:\/\/www.montessorennes.fr\/index.php\/wp-json\/wp\/v2\/pages\/118\/revisions"}],"predecessor-version":[{"id":452,"href":"https:\/\/www.montessorennes.fr\/index.php\/wp-json\/wp\/v2\/pages\/118\/revisions\/452"}],"wp:attachment":[{"href":"https:\/\/www.montessorennes.fr\/index.php\/wp-json\/wp\/v2\/media?parent=118"}],"curies":[{"name":"wp","href":"https:\/\/api.w.org\/{rel}","templated":true}]}}

<div class="wp-block-columns is-layout-flex wp-container-core-columns-is-layout-9d6595d7 wp-block-columns-is-layout-flex">
<div class="wp-block-column is-layout-flow wp-block-column-is-layout-flow">
<h2 class="wp-block-heading">Facebook Montesso&rsquo;Rennes</h2>



<h2 class="wp-block-heading">Notre actualité</h2>



<iframe loading="lazy" allow="encrypted-media" allowfullscreen="true" allowtransparency="true" name="f43488ada7c98e" scrolling="no" src="https://www.facebook.com/v2.6/plugins/page.php?adapt_container_width=true&amp;app_id=&amp;channel=https%3A%2F%2Fstaticxx.facebook.com%2Fconnect%2Fxd_arbiter.php%3Fversion%3D44%23cb%3Df389e30c549d83%26domain%3Dwww.montessorennes.fr%26origin%3Dhttp%253A%252F%252Fwww.montessorennes.fr%252Ff24fa66ab028fc4%26relation%3Dparent.parent&amp;container_width=230&amp;height=70&amp;hide_cover=false&amp;href=https%3A%2F%2Fwww.facebook.com%2FecoleMontessoRennes&amp;locale=fr_FR&amp;sdk=joey&amp;show_facepile=false&amp;small_header=false&amp;tabs=timeline&amp;width=230" style="border: medium none; visibility: visible; width: 230px; height: 130px;" title="fb:page Facebook Social Plugin" width="230px" height="70px" frameborder="0"></iframe>



<div class="wp-block-columns alignwide are-vertically-aligned-center is-layout-flex wp-container-core-columns-is-layout-9d6595d7 wp-block-columns-is-layout-flex">
<div class="wp-block-column is-vertically-aligned-center is-layout-flow wp-block-column-is-layout-flow" style="flex-basis:100%">
<div class="wp-block-group"><div class="wp-block-group__inner-container is-layout-constrained wp-block-group-is-layout-constrained">
<figure class="wp-block-image size-large"><img loading="lazy" decoding="async" width="819" height="1024" src="https://www.montessorennes.fr/wp-content/uploads/2026/03/MontessoRennes-Flyer-Portes-Ouvertes-819x1024.jpg" alt="" class="wp-image-451" srcset="https://www.montessorennes.fr/wp-content/uploads/2026/03/MontessoRennes-Flyer-Portes-Ouvertes-819x1024.jpg 819w, https://www.montessorennes.fr/wp-content/uploads/2026/03/MontessoRennes-Flyer-Portes-Ouvertes-240x300.jpg 240w, https://www.montessorennes.fr/wp-content/uploads/2026/03/MontessoRennes-Flyer-Portes-Ouvertes-768x960.jpg 768w, https://www.montessorennes.fr/wp-content/uploads/2026/03/MontessoRennes-Flyer-Portes-Ouvertes-48x60.jpg 48w, https://www.montessorennes.fr/wp-content/uploads/2026/03/MontessoRennes-Flyer-Portes-Ouvertes.jpg 1080w" sizes="auto, (max-width: 819px) 100vw, 819px" /></figure>
</div></div>
</div>
</div>
</div>



<div class="wp-block-column is-layout-flow wp-block-column-is-layout-flow">
<h2 class="wp-block-heading">A propos de l&rsquo;école</h2>



<p>Notre école est ouverte à toutes les cultures, sensibilités et convictions, dans le respect des valeurs laïques de la République. Nous cultivons un esprit d’accueil, d’écoute et de respect pour chaque famille.</p>



<p>Nous accueillons également des enfants à besoins particuliers, lorsque l’équilibre du groupe le permet, avec l’attention et la bienveillance qui font partie de notre engagement quotidien.</p>



<p>Nous nous inscrivons dans la pédagogie Montessori, née en Italie au début du XXᵉ siècle grâce à Maria Montessori. Cette approche place l’enfant au cœur de ses apprentissages, dans un environnement pensé pour nourrir sa curiosité naturelle, sa confiance et son autonomie.<br>L’école respecte la Charte des Établissements Montessori de France (AMF), garante d’une pratique fidèle aux principes de l’Association Montessori Internationale (AMI).</p>



<p>L’équipe pédagogique est formée AMI et riche d’une solide expérience de terrain. Elle accompagne chaque enfant avec exigence, douceur et regard individualisé.</p>



<p>L’enseignement proposé respecte le droit fondamental de chaque enfant à l’instruction et l’accompagne vers les compétences attendues à l’issue de la scolarité obligatoire.</p>



<p>L’école est organisée en un environnement 3–6 ans, pensé à hauteur d’enfant.</p>



<p>Le matériel Montessori, présenté avec soin et selon une progression précise, est librement accessible. Les enfants choisissent leurs activités, avancent à leur rythme, développent concentration, confiance et joie d’apprendre.</p>



<p>Les différents espaces — vie pratique, langage, mathématiques, découverte du monde — structurent les explorations et soutiennent les apprentissages en profondeur, dans un climat calme et stimulant.</p>



<p>Nous accordons également une place importante au travail en extérieur : le contact avec la nature, l’observation du vivant et le mouvement font pleinement partie de l’expérience d’apprentissage.</p>
</div>
</div>

<p>Facebook Montesso&rsquo;Rennes Notre actualité A propos de l&rsquo;école Notre école est ouverte à toutes les cultures, sensibilités et convictions, dans le respect des valeurs laïques &hellip; </p>
